git of 598?
8
What is the units digit of 3974?
4
What is the tens digit of 9787?
8
What is the tens digit of 827?
2
What is the units digit of 804?
4
What is the hundreds digit of 7959?
9
What is the units digit of 72400?
0
What is the ten thousands digit of 23299?
2
What is the tens digit of 7082?
8
What is the units digit of 4702?
2
What is the units digit of 1234?
4
What is the tens digit of 5149?
4
What is the units digit of 2484?
4
What is the thousands digit of 67457?
7
What is the tens digit of 1705?
0
What is the hundreds digit of 251?
2
What is the hundreds digit of 56546?
5
What is the units digit of 23901?
1
What is the tens digit of 941?
4
What is the hundreds digit of 836?
8
What is the hundreds digit of 31485?
4
What is the thousands digit of 2269?
2
What is the hundreds digit of 40957?
9
What is the units digit of 7765?
5
What is the thousands digit of 104297?
4
What is the units digit of 65?
5
What is the tens digit of 40257?
5
What is the units digit of 4?
4
What is the tens digit of 5141?
4
What is the hundreds digit of 48093?
0
What is the units digit of 7741?
1
What is the hundreds digit of 5554?
5
What is the hundreds digit of 3978?
9
What is the units digit of 50?
0
What is the hundreds digit of 122?
1
What is the tens digit of 569?
6
What is the tens digit of 1918?
1
What is the units digit of 124?
4
What is the thousands digit of 57297?
7
What is the thousands digit of 3236?
3
What is the units digit of 7?
7
What is the hundreds digit of 8401?
4
What is the ten thousands digit of 28041?
2
What is the thousands digit of 4353?
4
What is the tens digit of 158?
5
What is the units digit of 947?
7
What is the tens digit of 5986?
8
What is the hundreds digit of 1899?
8
What is the units digit of 1944?
4
What is the thousands digit of 6343?
6
What is the tens digit of 18607?
0
What is the tens digit of 134?
3
What is the hundreds digit of 66937?
9
What is the thousands digit of 29794?
9
What is the tens digit of 52072?
7
What is the tens digit of 4031?
3
What is the units digit of 725?
5
What is the units digit of 1744?
4
What is the tens digit of 3436?
3
What is the hundreds digit of 45758?
7
What is the tens digit of 3646?
4
What is the units digit of 61?
1
What is the hundreds digit of 4607?
6
What is the tens digit of 4845?
4
What is the thousands digit of 3260?
3
What is the ten thousands digit of 10545?
1
What is the thousands digit of 22519?
2
What is the units digit of 900?
0
What is the units digit of 6633?
3
What is the units digit of 1416?
6
What is the hundreds digit of 20023?
0
What is the thousands digit of 1829?
1
What is the ten thousands digit of 63670?
6
What is the units digit of 815?
5
What is the thousands digit of 3949?
3
What is the hundreds digit of 23810?
8
What is the tens digit of 235?
3
What is the units digit of 36722?
2
What is the hundreds digit of 13805?
8
What is the tens digit of 1334?
3
What is the units digit of 937?
7
What is the tens digit of 8774?
7
What is the tens digit of 7472?
7
What is the units digit of 90657?
7
What is the hundreds digit of 910?
9
What is the tens digit of 6304?
0
What is the tens digit of 12899?
9
What is the ten thousands digit of 20016?
2
What is the units digit of 3701?
1
What is the hundreds digit of 1961?
9
What is the units digit of 4588?
8
What is the hundreds digit of 3486?
4
What is the units digit of 3915?
5
What is the thousands digit of 106764?
6
What is the units digit of 7057?
7
What is the units digit of 840?
0
What is the thousands digit of 3280?
3
What is the hundreds digit of 18162?
1
What is the hundreds digit of 102009?
0
What is the tens digit of 5643?
4
What is the hundreds digit of 22234?
2
What is the tens digit of 23847?
4
What is the thousands digit of 9744?
9
What is the hundreds digit of 14906?
9
What is the thousands digit of 1370?
1
What is the tens digit of 814?
1
What is the hundreds digit of 1426?
4
What is the thousands digit of 1404?
1
What is the hundreds digit of 329?
3
What is the tens digit of 81411?
1
What is the tens digit of 64407?
0
What is the tens digit of 39?
3
What is the units digit of 2736?
6
What is the hundreds digit of 3191?
1
What is the units digit of 49405?
5
What is the units digit of 3508?
8
What is the units digit of 10282?
2
What is the ten thousands digit of 33669?
3
What is the thousands digit of 70031?
0
What is the tens digit of 732?
3
What is the thousands digit of 4131?
4
What is the units digit of 808?
8
What is the units digit of 32?
2
What is the tens digit of 2970?
7
What is the units digit of 17084?
4
What is the units digit of 60272?
2
What is the tens digit of 229?
2
What is the tens digit of 350?
5
What is the tens digit of 1273?
7
What is the thousands digit of 1620?
1
What is the ten thousands digit of 27134?
2
What is the hundreds digit of 4134?
1
What is the hundreds digit of 473?
4
What is the hundreds digit of 12044?
0
What is the units digit of 5042?
2
What is the hundreds digit of 3271?
2
What is the hundreds digit of 1083?
0
What is the units digit of 8622?
2
What is the tens digit of 217?
1
What is the hundreds digit of 1054?
0
What is the hundreds digit of 814?
8
What is the thousands digit of 41419?
1
What is the thousands digit of 176058?
6
What is the units digit of 130829?
9
What is the tens digit of 110?
1
What is the tens digit of 9623?
2
What is the units digit of 209?
9
What is the tens digit of 7094?
9
What is the units digit of 1642?
2
What is the hundreds digit of 7108?
1
What is the thousands digit of 3365?
3
What is the tens digit of 3559?
5
What is the hundreds digit of 12777?
7
What is the tens digit of 362?
6
What is the units digit of 1554?
4
What is the tens digit of 638?
3
What is the units digit of 9014?
4
What is the tens digit of 19563?
6
What is the hundreds digit of 291?
2
What is the thousands digit of 2291?
2
What is the ten thousands digit of 47671?
4
What is the units digit of 33253?
3
What is the ten thousands digit of 53966?
5
What is the units digit of 991?
1
What is the hundreds digit of 2547?
5
What is the hundreds digit of 2829?
8
What is the thousands digit of 1818?
1
What is the tens digit of 14943?
4
What is the tens digit of 700?
0
What is the tens digit of 27299?
9
What is the hundreds digit of 1784?
7
What is the tens digit of 736?
3
What is the hundreds digit of 1243?
2
What is the ten thousands digit of 144458?
4
What is the ten thousands digit of 10917?
1
What is the hundreds digit of 10458?
4
What is the hundreds digit of 1182?
1
What is the thousands digit of 106885?
6
What is the thousands digit of 88004?
8
What is the units digit of 15768?
8
What is the units digit of 3107?
7
What is the thousands digit of 3236?
3
What is the units digit of 165909?
9
What is the units digit of 4597?
7
What is the hundreds digit of 343?
3
What is the tens digit of 500?
0
What is the hundreds digit of 2016?
0
What is the tens digit of 2241?
4
What is the units digit of 33766?
6
What is the ten thousands digit of 39925?
3
What is the ten thousands digit of 20829?
2
What is the units digit of 6667?
7
What is the thousands digit of 35345?
5
What is the units digit of 6236?
6
What is the units digit of 190?
0
What is the thousands digit of 3518?
3
What is the hundreds digit of 648?
6
What is the thousands digit of 45891?
5
What is the thousands digit of 9020?
9
What is the tens digit of 4220?
2
What is the hundreds digit of 1266?
2
What is the ten thousands digit of 59705?
5
What is the units digit of 8222?
2
What is the hundreds digit of 56131?
1
What is the tens digit of 2335?
3
What is the units digit of 1340?
0
What is the hundreds digit of 8448?
4
What is the tens digit of 3318?
1
What is the units digit of 8330?
0
What is the tens digit of 261?
6
What is the units digit of 3634?
4
What is the hundreds digit of 6554?
5
What is the hundreds digit of 3527?
5
What is the hundred thousands digit of 142720?
1
What is the units digit of 3339?
9
What is the hundreds digit of 61959?
9
What is the thousands digit of 1056?
1
What is the units digit of 13013?
3
What is the units digit of 4382?
2
What is the units digit of 19868?
8
What is the units digit of 958?
8
What is the tens digit of 7974?
7
What is the tens digit of 57611?
1
What is the thousands digit